{"id":2868,"date":"2019-05-22T18:35:03","date_gmt":"2019-05-22T18:35:03","guid":{"rendered":"http:\/\/www.premyslovskydvur.cz\/?page_id=2868"},"modified":"2025-10-23T08:49:09","modified_gmt":"2025-10-23T08:49:09","slug":"ubytovani","status":"publish","type":"page","link":"https:\/\/www.premyslovskydvur.cz\/index.php\/ubytovani\/","title":{"rendered":"Ubytov\u00e1n\u00ed"},"content":{"rendered":"\t\t<div data-elementor-type=\"wp-post\" data-elementor-id=\"2868\" class=\"elementor elementor-2868\">\n\t\t\t\t\t\t<section class=\"elementor-section elementor-top-section elementor-element elementor-element-ac43a0a elementor-section-boxed elementor-section-height-default elementor-section-height-default\" data-id=\"ac43a0a\" data-element_type=\"section\">\n\t\t\t\t\t\t<div class=\"elementor-container elementor-column-gap-default\">\n\t\t\t\t\t<div class=\"elementor-column elementor-col-100 elementor-top-column elementor-element elementor-element-165fffb\" data-id=\"165fffb\" data-element_type=\"column\">\n\t\t\t<div class=\"elementor-widget-wrap elementor-element-populated\">\n\t\t\t\t\t\t<div class=\"elementor-element elementor-element-ab9ee42 elementor-widget elementor-widget-text-editor\" data-id=\"ab9ee42\" data-element_type=\"widget\" data-widget_type=\"text-editor.default\">\n\t\t\t\t<div class=\"elementor-widget-container\">\n\t\t\t\t\t\t\t\t\t<p>Hostinsk\u00fd pokoj je vybaven samostatnou koupelnou a odd\u011blenou toaletou. D\u00e1le je v n\u011bm miniledni\u010dka a kapslov\u00fd k\u00e1vovar s k\u00e1vou k dispozici. V ledni\u010dce najdete miner\u00e1lky. V koupeln\u011b ru\u010dn\u00edky a dal\u0161\u00ed p\u0159\u00edslu\u0161enstv\u00ed. V pokoji se nenach\u00e1z\u00ed televize, pouze r\u00e1dio. Na\u0161i host\u00e9 cht\u011bj\u00ed relaxovat velmi poklidn\u00fdm zp\u016fsobem. Klid je na\u0161\u00ed nejv\u011bt\u0161\u00ed dev\u00edzou. P\u0159esto je zde p\u0159ipojen\u00ed Wi-fi.<\/p>\t\t\t\t\t\t\t\t<\/div>\n\t\t\t\t<\/div>\n\t\t\t\t\t<\/div>\n\t\t<\/div>\n\t\t\t\t\t<\/div>\n\t\t<\/section>\n\t\t\t\t<section class=\"elementor-section elementor-top-section elementor-element elementor-element-d380437 elementor-section-boxed elementor-section-height-default elementor-section-height-default\" data-id=\"d380437\" data-element_type=\"section\">\n\t\t\t\t\t\t<div class=\"elementor-container elementor-column-gap-default\">\n\t\t\t\t\t<div class=\"elementor-column elementor-col-100 elementor-top-column elementor-element elementor-element-8626455\" data-id=\"8626455\" data-element_type=\"column\">\n\t\t\t<div class=\"elementor-widget-wrap elementor-element-populated\">\n\t\t\t\t\t\t<div class=\"elementor-element elementor-element-e0bcff6 elementor--star-style-star_unicode elementor-star-rating--align-center elementor-widget elementor-widget-star-rating\" data-id=\"e0bcff6\" data-element_type=\"widget\" data-widget_type=\"star-rating.default\">\n\t\t\t\t<div class=\"elementor-widget-container\">\n\t\t\t\t\t\n\t\t<div class=\"elementor-star-rating__wrapper\">\n\t\t\t\t\t\t<div class=\"elementor-star-rating\" title=\"10\/10\" itemtype=\"http:\/\/schema.org\/Rating\" itemscope=\"\" itemprop=\"reviewRating\"><i class=\"elementor-star-full\">&#9734;<\/i><i class=\"elementor-star-full\">&#9734;<\/i><i class=\"elementor-star-full\">&#9734;<\/i><i class=\"elementor-star-full\">&#9734;<\/i><i class=\"elementor-star-full\">&#9734;<\/i><i class=\"elementor-star-full\">&#9734;<\/i><i class=\"elementor-star-full\">&#9734;<\/i><i class=\"elementor-star-full\">&#9734;<\/i><i class=\"elementor-star-full\">&#9734;<\/i><i class=\"elementor-star-full\">&#9734;<\/i> <span itemprop=\"ratingValue\" class=\"elementor-screen-only\">10\/10<\/span><\/div>\t\t<\/div>\n\t\t\t\t\t\t<\/div>\n\t\t\t\t<\/div>\n\t\t\t\t\t<\/div>\n\t\t<\/div>\n\t\t\t\t\t<\/div>\n\t\t<\/section>\n\t\t\t\t<section class=\"elementor-section elementor-top-section elementor-element elementor-element-7ea5cfc elementor-section-boxed elementor-section-height-default elementor-section-height-default\" data-id=\"7ea5cfc\" data-element_type=\"section\">\n\t\t\t\t\t\t<div class=\"elementor-container elementor-column-gap-default\">\n\t\t\t\t\t<div class=\"elementor-column elementor-col-100 elementor-top-column elementor-element elementor-element-386c73c\" data-id=\"386c73c\" data-element_type=\"column\">\n\t\t\t<div class=\"elementor-widget-wrap elementor-element-populated\">\n\t\t\t\t\t\t<div class=\"elementor-element elementor-element-e332d34 elementor-align-center elementor-icon-list--layout-traditional elementor-list-item-link-full_width elementor-widget elementor-widget-icon-list\" data-id=\"e332d34\" data-element_type=\"widget\" data-widget_type=\"icon-list.default\">\n\t\t\t\t<div class=\"elementor-widget-container\">\n\t\t\t\t\t\t\t<ul class=\"elementor-icon-list-items\">\n\t\t\t\t\t\t\t<li class=\"elementor-icon-list-item\">\n\t\t\t\t\t\t\t\t\t\t\t<span class=\"elementor-icon-list-icon\">\n\t\t\t\t\t\t\t\t\t\t\t\t\t<\/span>\n\t\t\t\t\t\t\t\t\t\t<span class=\"elementor-icon-list-text\">Aktu\u00e1ln\u00ed ceny za pokoj najdete na na\u0161\u00ed str\u00e1nce na Bookingu<\/span>\n\t\t\t\t\t\t\t\t\t<\/li>\n\t\t\t\t\t\t<\/ul>\n\t\t\t\t\t\t<\/div>\n\t\t\t\t<\/div>\n\t\t\t\t\t<\/div>\n\t\t<\/div>\n\t\t\t\t\t<\/div>\n\t\t<\/section>\n\t\t\t\t<section class=\"elementor-section elementor-top-section elementor-element elementor-element-74cb90c elementor-section-boxed elementor-section-height-default elementor-section-height-default\" data-id=\"74cb90c\" data-element_type=\"section\">\n\t\t\t\t\t\t<div class=\"elementor-container elementor-column-gap-default\">\n\t\t\t\t\t<div class=\"elementor-column elementor-col-100 elementor-top-column elementor-element elementor-element-8f8448c\" data-id=\"8f8448c\" data-element_type=\"column\">\n\t\t\t<div class=\"elementor-widget-wrap elementor-element-populated\">\n\t\t\t\t\t\t<div class=\"elementor-element elementor-element-2e211da elementor-widget elementor-widget-image-gallery\" data-id=\"2e211da\" data-element_type=\"widget\" data-widget_type=\"image-gallery.default\">\n\t\t\t\t<div class=\"elementor-widget-container\">\n\t\t\t\t\t\t\t<div class=\"elementor-image-gallery\">\n\t\t\t\n\t\t<style type=\"text\/css\">\n\t\t\t#gallery-1 {\n\t\t\t\tmargin: auto;\n\t\t\t}\n\t\t\t#gallery-1 .gallery-item {\n\t\t\t\tfloat: left;\n\t\t\t\tmargin-top: 10px;\n\t\t\t\ttext-align: center;\n\t\t\t\twidth: 25%;\n\t\t\t}\n\t\t\t#gallery-1 img {\n\t\t\t\tborder: 2px solid #cfcfcf;\n\t\t\t}\n\t\t\t#gallery-1 .gallery-caption {\n\t\t\t\tmargin-left: 0;\n\t\t\t}\n\t\t\t\/* see gallery_shortcode() in wp-includes\/media.php *\/\n\t\t<\/style>\n\t\t<div id='gallery-1' class='gallery galleryid-2868 gallery-columns-4 gallery-size-thumbnail'><dl class='gallery-item'>\n\t\t\t<dt class='gallery-icon landscape'>\n\t\t\t\t<a data-elementor-open-lightbox=\"yes\" data-elementor-lightbox-slideshow=\"2e211da\" data-elementor-lightbox-title=\"378504963\" data-e-action-hash=\"#elementor-action%3Aaction%3Dlightbox%26settings%3DeyJpZCI6MzIyNCwidXJsIjoiaHR0cHM6XC9cL3d3dy5wcmVteXNsb3Zza3lkdnVyLmN6XC93cC1jb250ZW50XC91cGxvYWRzXC8yMDIzXC8wOVwvMzc4NTA0OTYzLmpwZyIsInNsaWRlc2hvdyI6IjJlMjExZGEifQ%3D%3D\" href='https:\/\/www.premyslovskydvur.cz\/wp-content\/uploads\/2023\/09\/378504963.jpg'><img decoding=\"async\" width=\"150\" height=\"150\" src=\"https:\/\/www.premyslovskydvur.cz\/wp-content\/uploads\/2023\/09\/378504963-150x150.jpg\" class=\"attachment-thumbnail size-thumbnail\" alt=\"\" srcset=\"https:\/\/www.premyslovskydvur.cz\/wp-content\/uploads\/2023\/09\/378504963-150x150.jpg 150w, https:\/\/www.premyslovskydvur.cz\/wp-content\/uploads\/2023\/09\/378504963-300x300.jpg 300w\" sizes=\"(max-width: 150px) 100vw, 150px\" \/><\/a>\n\t\t\t<\/dt><\/dl><dl class='gallery-item'>\n\t\t\t<dt class='gallery-icon landscape'>\n\t\t\t\t<a data-elementor-open-lightbox=\"yes\" data-elementor-lightbox-slideshow=\"2e211da\" data-elementor-lightbox-title=\"373432375\" data-e-action-hash=\"#elementor-action%3Aaction%3Dlightbox%26settings%3DeyJpZCI6MzIyMCwidXJsIjoiaHR0cHM6XC9cL3d3dy5wcmVteXNsb3Zza3lkdnVyLmN6XC93cC1jb250ZW50XC91cGxvYWRzXC8yMDIzXC8wOVwvMzczNDMyMzc1LmpwZyIsInNsaWRlc2hvdyI6IjJlMjExZGEifQ%3D%3D\" href='https:\/\/www.premyslovskydvur.cz\/wp-content\/uploads\/2023\/09\/373432375.jpg'><img decoding=\"async\" width=\"150\" height=\"150\" src=\"https:\/\/www.premyslovskydvur.cz\/wp-content\/uploads\/2023\/09\/373432375-150x150.jpg\" class=\"attachment-thumbnail size-thumbnail\" alt=\"\" srcset=\"https:\/\/www.premyslovskydvur.cz\/wp-content\/uploads\/2023\/09\/373432375-150x150.jpg 150w, https:\/\/www.premyslovskydvur.cz\/wp-content\/uploads\/2023\/09\/373432375-300x300.jpg 300w\" sizes=\"(max-width: 150px) 100vw, 150px\" \/><\/a>\n\t\t\t<\/dt><\/dl><dl class='gallery-item'>\n\t\t\t<dt class='gallery-icon portrait'>\n\t\t\t\t<a data-elementor-open-lightbox=\"yes\" data-elementor-lightbox-slideshow=\"2e211da\" data-elementor-lightbox-title=\"373432376\" data-e-action-hash=\"#elementor-action%3Aaction%3Dlightbox%26settings%3DeyJpZCI6MzIyMSwidXJsIjoiaHR0cHM6XC9cL3d3dy5wcmVteXNsb3Zza3lkdnVyLmN6XC93cC1jb250ZW50XC91cGxvYWRzXC8yMDIzXC8wOVwvMzczNDMyMzc2LmpwZyIsInNsaWRlc2hvdyI6IjJlMjExZGEifQ%3D%3D\" href='https:\/\/www.premyslovskydvur.cz\/wp-content\/uploads\/2023\/09\/373432376.jpg'><img decoding=\"async\" width=\"150\" height=\"150\" src=\"https:\/\/www.premyslovskydvur.cz\/wp-content\/uploads\/2023\/09\/373432376-150x150.jpg\" class=\"attachment-thumbnail size-thumbnail\" alt=\"\" srcset=\"https:\/\/www.premyslovskydvur.cz\/wp-content\/uploads\/2023\/09\/373432376-150x150.jpg 150w, https:\/\/www.premyslovskydvur.cz\/wp-content\/uploads\/2023\/09\/373432376-300x300.jpg 300w\" sizes=\"(max-width: 150px) 100vw, 150px\" \/><\/a>\n\t\t\t<\/dt><\/dl><dl class='gallery-item'>\n\t\t\t<dt class='gallery-icon portrait'>\n\t\t\t\t<a data-elementor-open-lightbox=\"yes\" data-elementor-lightbox-slideshow=\"2e211da\" data-elementor-lightbox-title=\"373432377\" data-e-action-hash=\"#elementor-action%3Aaction%3Dlightbox%26settings%3DeyJpZCI6MzIyMiwidXJsIjoiaHR0cHM6XC9cL3d3dy5wcmVteXNsb3Zza3lkdnVyLmN6XC93cC1jb250ZW50XC91cGxvYWRzXC8yMDIzXC8wOVwvMzczNDMyMzc3LmpwZyIsInNsaWRlc2hvdyI6IjJlMjExZGEifQ%3D%3D\" href='https:\/\/www.premyslovskydvur.cz\/wp-content\/uploads\/2023\/09\/373432377.jpg'><img loading=\"lazy\" decoding=\"async\" width=\"150\" height=\"150\" src=\"https:\/\/www.premyslovskydvur.cz\/wp-content\/uploads\/2023\/09\/373432377-150x150.jpg\" class=\"attachment-thumbnail size-thumbnail\" alt=\"\" srcset=\"https:\/\/www.premyslovskydvur.cz\/wp-content\/uploads\/2023\/09\/373432377-150x150.jpg 150w, https:\/\/www.premyslovskydvur.cz\/wp-content\/uploads\/2023\/09\/373432377-300x300.jpg 300w\" sizes=\"(max-width: 150px) 100vw, 150px\" \/><\/a>\n\t\t\t<\/dt><\/dl><br style=\"clear: both\" \/><dl class='gallery-item'>\n\t\t\t<dt class='gallery-icon portrait'>\n\t\t\t\t<a data-elementor-open-lightbox=\"yes\" data-elementor-lightbox-slideshow=\"2e211da\" data-elementor-lightbox-title=\"474143593\" data-e-action-hash=\"#elementor-action%3Aaction%3Dlightbox%26settings%3DeyJpZCI6MzIyNSwidXJsIjoiaHR0cHM6XC9cL3d3dy5wcmVteXNsb3Zza3lkdnVyLmN6XC93cC1jb250ZW50XC91cGxvYWRzXC8yMDIzXC8wOVwvNDc0MTQzNTkzLmpwZyIsInNsaWRlc2hvdyI6IjJlMjExZGEifQ%3D%3D\" href='https:\/\/www.premyslovskydvur.cz\/wp-content\/uploads\/2023\/09\/474143593.jpg'><img loading=\"lazy\" decoding=\"async\" width=\"150\" height=\"150\" src=\"https:\/\/www.premyslovskydvur.cz\/wp-content\/uploads\/2023\/09\/474143593-150x150.jpg\" class=\"attachment-thumbnail size-thumbnail\" alt=\"\" srcset=\"https:\/\/www.premyslovskydvur.cz\/wp-content\/uploads\/2023\/09\/474143593-150x150.jpg 150w, https:\/\/www.premyslovskydvur.cz\/wp-content\/uploads\/2023\/09\/474143593-300x300.jpg 300w\" sizes=\"(max-width: 150px) 100vw, 150px\" \/><\/a>\n\t\t\t<\/dt><\/dl><dl class='gallery-item'>\n\t\t\t<dt class='gallery-icon landscape'>\n\t\t\t\t<a data-elementor-open-lightbox=\"yes\" data-elementor-lightbox-slideshow=\"2e211da\" data-elementor-lightbox-title=\"373433368\" data-e-action-hash=\"#elementor-action%3Aaction%3Dlightbox%26settings%3DeyJpZCI6MzIyMywidXJsIjoiaHR0cHM6XC9cL3d3dy5wcmVteXNsb3Zza3lkdnVyLmN6XC93cC1jb250ZW50XC91cGxvYWRzXC8yMDIzXC8wOVwvMzczNDMzMzY4LmpwZyIsInNsaWRlc2hvdyI6IjJlMjExZGEifQ%3D%3D\" href='https:\/\/www.premyslovskydvur.cz\/wp-content\/uploads\/2023\/09\/373433368.jpg'><img loading=\"lazy\" decoding=\"async\" width=\"150\" height=\"150\" src=\"https:\/\/www.premyslovskydvur.cz\/wp-content\/uploads\/2023\/09\/373433368-150x150.jpg\" class=\"attachment-thumbnail size-thumbnail\" alt=\"\" srcset=\"https:\/\/www.premyslovskydvur.cz\/wp-content\/uploads\/2023\/09\/373433368-150x150.jpg 150w, https:\/\/www.premyslovskydvur.cz\/wp-content\/uploads\/2023\/09\/373433368-300x300.jpg 300w\" sizes=\"(max-width: 150px) 100vw, 150px\" \/><\/a>\n\t\t\t<\/dt><\/dl><dl class='gallery-item'>\n\t\t\t<dt class='gallery-icon landscape'>\n\t\t\t\t<a data-elementor-open-lightbox=\"yes\" data-elementor-lightbox-slideshow=\"2e211da\" data-elementor-lightbox-title=\"60214417_1568049639995247_8920780763239022592_o\" data-e-action-hash=\"#elementor-action%3Aaction%3Dlightbox%26settings%3DeyJpZCI6Mjg4NiwidXJsIjoiaHR0cHM6XC9cL3d3dy5wcmVteXNsb3Zza3lkdnVyLmN6XC93cC1jb250ZW50XC91cGxvYWRzXC8yMDE5XC8wNVwvNjAyMTQ0MTdfMTU2ODA0OTYzOTk5NTI0N184OTIwNzgwNzYzMjM5MDIyNTkyX28uanBnIiwic2xpZGVzaG93IjoiMmUyMTFkYSJ9\" href='https:\/\/www.premyslovskydvur.cz\/wp-content\/uploads\/2019\/05\/60214417_1568049639995247_8920780763239022592_o.jpg'><img loading=\"lazy\" decoding=\"async\" width=\"150\" height=\"150\" src=\"https:\/\/www.premyslovskydvur.cz\/wp-content\/uploads\/2019\/05\/60214417_1568049639995247_8920780763239022592_o-150x150.jpg\" class=\"attachment-thumbnail size-thumbnail\" alt=\"\" srcset=\"https:\/\/www.premyslovskydvur.cz\/wp-content\/uploads\/2019\/05\/60214417_1568049639995247_8920780763239022592_o-150x150.jpg 150w, https:\/\/www.premyslovskydvur.cz\/wp-content\/uploads\/2019\/05\/60214417_1568049639995247_8920780763239022592_o-300x300.jpg 300w\" sizes=\"(max-width: 150px) 100vw, 150px\" \/><\/a>\n\t\t\t<\/dt><\/dl><dl class='gallery-item'>\n\t\t\t<dt class='gallery-icon landscape'>\n\t\t\t\t<a data-elementor-open-lightbox=\"yes\" data-elementor-lightbox-slideshow=\"2e211da\" data-elementor-lightbox-title=\"474143742\" data-e-action-hash=\"#elementor-action%3Aaction%3Dlightbox%26settings%3DeyJpZCI6MzIyNiwidXJsIjoiaHR0cHM6XC9cL3d3dy5wcmVteXNsb3Zza3lkdnVyLmN6XC93cC1jb250ZW50XC91cGxvYWRzXC8yMDIzXC8wOVwvNDc0MTQzNzQyLmpwZyIsInNsaWRlc2hvdyI6IjJlMjExZGEifQ%3D%3D\" href='https:\/\/www.premyslovskydvur.cz\/wp-content\/uploads\/2023\/09\/474143742.jpg'><img loading=\"lazy\" decoding=\"async\" width=\"150\" height=\"150\" src=\"https:\/\/www.premyslovskydvur.cz\/wp-content\/uploads\/2023\/09\/474143742-150x150.jpg\" class=\"attachment-thumbnail size-thumbnail\" alt=\"\" srcset=\"https:\/\/www.premyslovskydvur.cz\/wp-content\/uploads\/2023\/09\/474143742-150x150.jpg 150w, https:\/\/www.premyslovskydvur.cz\/wp-content\/uploads\/2023\/09\/474143742-300x300.jpg 300w\" sizes=\"(max-width: 150px) 100vw, 150px\" \/><\/a>\n\t\t\t<\/dt><\/dl><br style=\"clear: both\" \/>\n\t\t<\/div>\n\t\t<\/div>\n\t\t\t\t\t\t<\/div>\n\t\t\t\t<\/div>\n\t\t\t\t\t<\/div>\n\t\t<\/div>\n\t\t\t\t\t<\/div>\n\t\t<\/section>\n\t\t\t\t<section class=\"elementor-section elementor-top-section elementor-element elementor-element-2bb2db7 elementor-section-boxed elementor-section-height-default elementor-section-height-default\" data-id=\"2bb2db7\" data-element_type=\"section\">\n\t\t\t\t\t\t<div class=\"elementor-container elementor-column-gap-default\">\n\t\t\t\t\t<div class=\"elementor-column elementor-col-100 elementor-top-column elementor-element elementor-element-21d210e\" data-id=\"21d210e\" data-element_type=\"column\">\n\t\t\t<div class=\"elementor-widget-wrap elementor-element-populated\">\n\t\t\t\t\t\t<div class=\"elementor-element elementor-element-7a3f72e elementor-widget elementor-widget-text-editor\" data-id=\"7a3f72e\" data-element_type=\"widget\" data-widget_type=\"text-editor.default\">\n\t\t\t\t<div class=\"elementor-widget-container\">\n\t\t\t\t\t\t\t\t\t<p>Spousty fotek a vide\u00ed najdete tak\u00e9 na na\u0161\u00ed Facebook str\u00e1nce P\u0159emyslovsk\u00fd dv\u016fr<\/p>\t\t\t\t\t\t\t\t<\/div>\n\t\t\t\t<\/div>\n\t\t\t\t\t<\/div>\n\t\t<\/div>\n\t\t\t\t\t<\/div>\n\t\t<\/section>\n\t\t\t\t<section class=\"elementor-section elementor-top-section elementor-element elementor-element-fdb459d elementor-section-boxed elementor-section-height-default elementor-section-height-default\" data-id=\"fdb459d\" data-element_type=\"section\">\n\t\t\t\t\t\t<div class=\"elementor-container elementor-column-gap-default\">\n\t\t\t\t\t<div class=\"elementor-column elementor-col-100 elementor-top-column elementor-element elementor-element-f0b0c8c\" data-id=\"f0b0c8c\" data-element_type=\"column\">\n\t\t\t<div class=\"elementor-widget-wrap elementor-element-populated\">\n\t\t\t\t\t\t<div class=\"elementor-element elementor-element-d92ddda elementor-align-center elementor-widget elementor-widget-button\" data-id=\"d92ddda\" data-element_type=\"widget\" data-widget_type=\"button.default\">\n\t\t\t\t<div class=\"elementor-widget-container\">\n\t\t\t\t\t\t\t\t\t<div class=\"elementor-button-wrapper\">\n\t\t\t\t\t<a class=\"elementor-button elementor-button-link elementor-size-sm\" href=\"https:\/\/www.facebook.com\/premyslovskydvur.cz\/\">\n\t\t\t\t\t\t<span class=\"elementor-button-content-wrapper\">\n\t\t\t\t\t\t\t\t\t<span class=\"elementor-button-text\">Klikn\u011bte zde<\/span>\n\t\t\t\t\t<\/span>\n\t\t\t\t\t<\/a>\n\t\t\t\t<\/div>\n\t\t\t\t\t\t\t\t<\/div>\n\t\t\t\t<\/div>\n\t\t\t\t<div class=\"elementor-element elementor-element-4ea918d elementor-widget elementor-widget-image\" data-id=\"4ea918d\" data-element_type=\"widget\" data-widget_type=\"image.default\">\n\t\t\t\t<div class=\"elementor-widget-container\">\n\t\t\t\t\t\t\t\t\t\t\t\t\t\t\t<img loading=\"lazy\" decoding=\"async\" width=\"300\" height=\"300\" src=\"https:\/\/www.premyslovskydvur.cz\/wp-content\/uploads\/2023\/09\/272280710_2484261108374091_196643627931009848_n-300x300.jpg\" class=\"attachment-medium size-medium wp-image-3237\" alt=\"\" srcset=\"https:\/\/www.premyslovskydvur.cz\/wp-content\/uploads\/2023\/09\/272280710_2484261108374091_196643627931009848_n-300x300.jpg 300w, https:\/\/www.premyslovskydvur.cz\/wp-content\/uploads\/2023\/09\/272280710_2484261108374091_196643627931009848_n-1024x1024.jpg 1024w, https:\/\/www.premyslovskydvur.cz\/wp-content\/uploads\/2023\/09\/272280710_2484261108374091_196643627931009848_n-150x150.jpg 150w, https:\/\/www.premyslovskydvur.cz\/wp-content\/uploads\/2023\/09\/272280710_2484261108374091_196643627931009848_n-768x768.jpg 768w, https:\/\/www.premyslovskydvur.cz\/wp-content\/uploads\/2023\/09\/272280710_2484261108374091_196643627931009848_n.jpg 1081w\" sizes=\"(max-width: 300px) 100vw, 300px\" \/>\t\t\t\t\t\t\t\t\t\t\t\t\t\t\t<\/div>\n\t\t\t\t<\/div>\n\t\t\t\t\t<\/div>\n\t\t<\/div>\n\t\t\t\t\t<\/div>\n\t\t<\/section>\n\t\t\t\t<\/div>\n\t\t","protected":false},"excerpt":{"rendered":"<p>Hostinsk\u00fd pokoj je vybaven samostatnou koupelnou a odd\u011blenou toaletou. D\u00e1le je v n\u011bm miniledni\u010dka a kapslov\u00fd k\u00e1vovar s k\u00e1vou k dispozici. V ledni\u010dce najdete miner\u00e1lky. V koupeln\u011b ru\u010dn\u00edky a dal\u0161\u00ed p\u0159\u00edslu\u0161enstv\u00ed. V pokoji se nenach\u00e1z\u00ed televize, pouze r\u00e1dio. Na\u0161i host\u00e9 cht\u011bj\u00ed relaxovat velmi poklidn\u00fdm zp\u016fsobem. Klid je na\u0161\u00ed nejv\u011bt\u0161\u00ed dev\u00edzou. P\u0159esto je zde p\u0159ipojen\u00ed Wi-fi.&hellip;<\/p>\n","protected":false},"author":1,"featured_media":0,"parent":0,"menu_order":0,"comment_status":"closed","ping_status":"closed","template":"","meta":{"footnotes":""},"class_list":["post-2868","page","type-page","status-publish","hentry"],"_links":{"self":[{"href":"https:\/\/www.premyslovskydvur.cz\/index.php\/wp-json\/wp\/v2\/pages\/2868","targetHints":{"allow":["GET"]}}],"collection":[{"href":"https:\/\/www.premyslovskydvur.cz\/index.php\/wp-json\/wp\/v2\/pages"}],"about":[{"href":"https:\/\/www.premyslovskydvur.cz\/index.php\/wp-json\/wp\/v2\/types\/page"}],"author":[{"embeddable":true,"href":"https:\/\/www.premyslovskydvur.cz\/index.php\/wp-json\/wp\/v2\/users\/1"}],"replies":[{"embeddable":true,"href":"https:\/\/www.premyslovskydvur.cz\/index.php\/wp-json\/wp\/v2\/comments?post=2868"}],"version-history":[{"count":33,"href":"https:\/\/www.premyslovskydvur.cz\/index.php\/wp-json\/wp\/v2\/pages\/2868\/revisions"}],"predecessor-version":[{"id":3371,"href":"https:\/\/www.premyslovskydvur.cz\/index.php\/wp-json\/wp\/v2\/pages\/2868\/revisions\/3371"}],"wp:attachment":[{"href":"https:\/\/www.premyslovskydvur.cz\/index.php\/wp-json\/wp\/v2\/media?parent=2868"}],"curies":[{"name":"wp","href":"https:\/\/api.w.org\/{rel}","templated":true}]}}