{"id":2802,"date":"2019-05-22T09:03:39","date_gmt":"2019-05-22T09:03:39","guid":{"rendered":"http:\/\/www.premyslovskydvur.cz\/?page_id=2802"},"modified":"2023-09-29T05:03:22","modified_gmt":"2023-09-29T05:03:22","slug":"agroterapie","status":"publish","type":"page","link":"https:\/\/www.premyslovskydvur.cz\/index.php\/agroterapie\/","title":{"rendered":"Agroterapie"},"content":{"rendered":"\t\t<div data-elementor-type=\"wp-post\" data-elementor-id=\"2802\" class=\"elementor elementor-2802\">\n\t\t\t\t\t\t<section class=\"elementor-section elementor-top-section elementor-element elementor-element-a867e2b elementor-section-boxed elementor-section-height-default elementor-section-height-default\" data-id=\"a867e2b\" data-element_type=\"section\" data-settings=\"{&quot;background_background&quot;:&quot;classic&quot;}\">\n\t\t\t\t\t\t<div class=\"elementor-container elementor-column-gap-default\">\n\t\t\t\t\t<div class=\"elementor-column elementor-col-100 elementor-top-column elementor-element elementor-element-dc6b676\" data-id=\"dc6b676\" data-element_type=\"column\">\n\t\t\t<div class=\"elementor-widget-wrap elementor-element-populated\">\n\t\t\t\t\t\t<div class=\"elementor-element elementor-element-defaf55 elementor-widget elementor-widget-heading\" data-id=\"defaf55\" data-element_type=\"widget\" data-widget_type=\"heading.default\">\n\t\t\t\t<div class=\"elementor-widget-container\">\n\t\t\t\t\t<h2 class=\"elementor-heading-title elementor-size-default\">Pom\u016f\u017eeme V\u00e1m smysl Va\u0161eho \u017eivota<\/h2>\t\t\t\t<\/div>\n\t\t\t\t<\/div>\n\t\t\t\t\t<\/div>\n\t\t<\/div>\n\t\t\t\t\t<\/div>\n\t\t<\/section>\n\t\t\t\t<section class=\"elementor-section elementor-top-section elementor-element elementor-element-c9ffbd6 elementor-section-boxed elementor-section-height-default elementor-section-height-default\" data-id=\"c9ffbd6\" data-element_type=\"section\">\n\t\t\t\t\t\t<div class=\"elementor-container elementor-column-gap-default\">\n\t\t\t\t\t<div class=\"elementor-column elementor-col-100 elementor-top-column elementor-element elementor-element-72acc06\" data-id=\"72acc06\" data-element_type=\"column\">\n\t\t\t<div class=\"elementor-widget-wrap elementor-element-populated\">\n\t\t\t\t\t\t<div class=\"elementor-element elementor-element-fc06548 elementor-widget elementor-widget-text-editor\" data-id=\"fc06548\" data-element_type=\"widget\" data-widget_type=\"text-editor.default\">\n\t\t\t\t<div class=\"elementor-widget-container\">\n\t\t\t\t\t\t\t\t\t<p>Absence v\u016fle, el\u00e1nu nebo dokonce odvahy V\u00e1m ub\u00edr\u00e1 sil, lehce si zvyk\u00e1te na ten zd\u00e1nliv\u00fd pocit bezpe\u010d\u00ed, na tu stereotypn\u00ed \u00famornost. Zakrn\u00edte uvnit\u0159 sebe sama. D\u00edky AGROTERAPII, trp\u011bliv\u00e9mu p\u0159\u00edstupu u n\u00e1s, t\u0159eba objev\u00edte Va\u0161e skryt\u00e9 vlastnosti \u010di touhy<span style=\"letter-spacing: 0px;\">. A nejen to. Agroterapie je vhodn\u00e1 pro zlomen\u00e9 srdce i po\u0161ramocenou du\u0161i.\u00a0<\/span><\/p>\t\t\t\t\t\t\t\t<\/div>\n\t\t\t\t<\/div>\n\t\t\t\t\t<\/div>\n\t\t<\/div>\n\t\t\t\t\t<\/div>\n\t\t<\/section>\n\t\t\t\t<section class=\"elementor-section elementor-top-section elementor-element elementor-element-5b5b6f6 elementor-section-boxed elementor-section-height-default elementor-section-height-default\" data-id=\"5b5b6f6\" data-element_type=\"section\">\n\t\t\t\t\t\t<div class=\"elementor-container elementor-column-gap-default\">\n\t\t\t\t\t<div class=\"elementor-column elementor-col-100 elementor-top-column elementor-element elementor-element-eb709a1\" data-id=\"eb709a1\" data-element_type=\"column\">\n\t\t\t<div class=\"elementor-widget-wrap elementor-element-populated\">\n\t\t\t\t\t\t<div class=\"elementor-element elementor-element-198e37e elementor-widget elementor-widget-text-editor\" data-id=\"198e37e\" data-element_type=\"widget\" data-widget_type=\"text-editor.default\">\n\t\t\t\t<div class=\"elementor-widget-container\">\n\t\t\t\t\t\t\t\t\t<p>Lid\u00e9 \u010dasto ve sv\u00e9m \u017eivot\u011b ztrat\u00ed pomyslnou nit \u017eivota. Hledaj\u00ed zp\u016fsob, kter\u00fd d\u00e1 jej\u00edm \u017eivot\u016fm smysl. Odpov\u011b\u010f v\u0161ak pro samotn\u00fd shon <br \/>a denn\u00ed starosti \u010dasto nenal\u00e9z\u00e1me. Je to t\u00edm, \u017ee nedok\u00e1\u017eeme zpomalit a t\u0159eba vyzkou\u0161et v\u011bci, kter\u00e9 se n\u00e1m z po\u010d\u00e1tku zdaj\u00ed je\u0161t\u011b v\u00edce v\u0161edn\u00ed ne\u017e v\u011bci, kter\u00e9 v b\u011b\u017en\u00e9m \u017eivot\u011b d\u011bl\u00e1me, ale nen\u00ed to tak. \u017divot dovede b\u00fdt pestr\u00fd, ale my st\u00e1le t\u011b\u017eko m\u011bn\u00edme ty dob\u0159e zn\u00e1m\u00e9 kulisy v\u0161ednosti, nebo je naopak pou\u017e\u00edv\u00e1me jako neproniknuteln\u00e9 hradby vlastn\u00edch pocit\u016f, uzav\u0159en\u00fdch pocit\u016f, kter\u00e9 je p\u0159\u00edmo nutnost\u00ed \u010das od \u010dasu vypustit z t\u00e9 hradby ven. Pro Va\u0161e dobr\u00e9 du\u0161evn\u00ed zdrav\u00ed a pro V\u00e1\u0161 \u017eivot.\u00a0<\/p>\t\t\t\t\t\t\t\t<\/div>\n\t\t\t\t<\/div>\n\t\t\t\t<div class=\"elementor-element elementor-element-bb790ce elementor-widget elementor-widget-text-editor\" data-id=\"bb790ce\" data-element_type=\"widget\" data-widget_type=\"text-editor.default\">\n\t\t\t\t<div class=\"elementor-widget-container\">\n\t\t\t\t\t\t\t\t\t<p>Ob\u010das si lid\u00e9 pot\u0159ebuj\u00ed pohovo\u0159it, sv\u011b\u0159it se. M\u00e1me zku\u0161enosti a zp\u016fsob, jak v\u00e1m pomoci. P\u0159inejmen\u0161\u00edm ulevit od v\u011bc\u00ed co V\u00e1s t\u00ed\u017e\u00ed. Je to zd\u00e1nliv\u011b prost\u00e9, ale perfektn\u011b osvobozuj\u00edc\u00ed pocit, kdy\u017e najdete v n\u011bkom oporu. Kdo zachov\u00e1 profesion\u00e1ln\u00ed p\u0159\u00edstup, komu lze bezpodm\u00edne\u010dn\u011b d\u016fv\u011b\u0159ovat. Diskr\u00e9tnost je na prvn\u00edm m\u00edst\u011b.\u00a0<\/p>\t\t\t\t\t\t\t\t<\/div>\n\t\t\t\t<\/div>\n\t\t\t\t\t<\/div>\n\t\t<\/div>\n\t\t\t\t\t<\/div>\n\t\t<\/section>\n\t\t\t\t<section class=\"elementor-section elementor-top-section elementor-element elementor-element-658964a elementor-section-boxed elementor-section-height-default elementor-section-height-default\" data-id=\"658964a\" data-element_type=\"section\">\n\t\t\t\t\t\t<div class=\"elementor-container elementor-column-gap-default\">\n\t\t\t\t\t<div class=\"elementor-column elementor-col-100 elementor-top-column elementor-element elementor-element-3686dcd\" data-id=\"3686dcd\" data-element_type=\"column\">\n\t\t\t<div class=\"elementor-widget-wrap elementor-element-populated\">\n\t\t\t\t\t\t<div class=\"elementor-element elementor-element-4c188e3 elementor-widget elementor-widget-heading\" data-id=\"4c188e3\" data-element_type=\"widget\" data-widget_type=\"heading.default\">\n\t\t\t\t<div class=\"elementor-widget-container\">\n\t\t\t\t\t<h2 class=\"elementor-heading-title elementor-size-default\">Zavolejte n\u00e1m a  domluvte si sch\u016fzku. <br><br>604 670 974 nebo 732 935 625<\/h2>\t\t\t\t<\/div>\n\t\t\t\t<\/div>\n\t\t\t\t<div class=\"elementor-element elementor-element-f119c7c elementor-widget elementor-widget-heading\" data-id=\"f119c7c\" data-element_type=\"widget\" data-widget_type=\"heading.default\">\n\t\t\t\t<div class=\"elementor-widget-container\">\n\t\t\t\t\t<h2 class=\"elementor-heading-title elementor-size-default\"><h2 data-elementor-setting-key=\"title\" data-pen-placeholder=\"Pi\u0161te zde...\" style=\"font-family: Montserrat, Helvetica, Arial, sans-serif;text-align: center\">P\u0159iprav\u00edme pro V\u00e1s individu\u00e1ln\u00ed program!<\/h2><\/h2>\t\t\t\t<\/div>\n\t\t\t\t<\/div>\n\t\t\t\t<div class=\"elementor-element elementor-element-1544ffa elementor-widget elementor-widget-image\" data-id=\"1544ffa\" data-element_type=\"widget\" data-widget_type=\"image.default\">\n\t\t\t\t<div class=\"elementor-widget-container\">\n\t\t\t\t\t\t\t\t\t\t\t\t\t\t\t<img fetchpriority=\"high\" decoding=\"async\" width=\"1024\" height=\"768\" src=\"https:\/\/www.premyslovskydvur.cz\/wp-content\/uploads\/2019\/09\/69890641_1670026249797585_3838421837327368192_o-1024x768.jpg\" class=\"attachment-large size-large wp-image-3036\" alt=\"\" srcset=\"https:\/\/www.premyslovskydvur.cz\/wp-content\/uploads\/2019\/09\/69890641_1670026249797585_3838421837327368192_o-1024x768.jpg 1024w, https:\/\/www.premyslovskydvur.cz\/wp-content\/uploads\/2019\/09\/69890641_1670026249797585_3838421837327368192_o-300x225.jpg 300w, https:\/\/www.premyslovskydvur.cz\/wp-content\/uploads\/2019\/09\/69890641_1670026249797585_3838421837327368192_o-768x576.jpg 768w, https:\/\/www.premyslovskydvur.cz\/wp-content\/uploads\/2019\/09\/69890641_1670026249797585_3838421837327368192_o-160x120.jpg 160w, https:\/\/www.premyslovskydvur.cz\/wp-content\/uploads\/2019\/09\/69890641_1670026249797585_3838421837327368192_o.jpg 2016w\" sizes=\"(max-width: 1024px) 100vw, 1024px\" \/>\t\t\t\t\t\t\t\t\t\t\t\t\t\t\t<\/div>\n\t\t\t\t<\/div>\n\t\t\t\t<div class=\"elementor-element elementor-element-91fd93e elementor-align-center elementor-widget elementor-widget-button\" data-id=\"91fd93e\" data-element_type=\"widget\" data-widget_type=\"button.default\">\n\t\t\t\t<div class=\"elementor-widget-container\">\n\t\t\t\t\t\t\t\t\t<div class=\"elementor-button-wrapper\">\n\t\t\t\t\t<a class=\"elementor-button elementor-button-link elementor-size-sm\" href=\"https:\/\/www.premyslovskydvur.cz\/index.php\/contact\/\">\n\t\t\t\t\t\t<span class=\"elementor-button-content-wrapper\">\n\t\t\t\t\t\t\t\t\t<span class=\"elementor-button-text\">KONTAKT<\/span>\n\t\t\t\t\t<\/span>\n\t\t\t\t\t<\/a>\n\t\t\t\t<\/div>\n\t\t\t\t\t\t\t\t<\/div>\n\t\t\t\t<\/div>\n\t\t\t\t\t<\/div>\n\t\t<\/div>\n\t\t\t\t\t<\/div>\n\t\t<\/section>\n\t\t\t\t<\/div>\n\t\t","protected":false},"excerpt":{"rendered":"<p>Pom\u016f\u017eeme V\u00e1m smysl Va\u0161eho \u017eivota Absence v\u016fle, el\u00e1nu nebo dokonce odvahy V\u00e1m ub\u00edr\u00e1 sil, lehce si zvyk\u00e1te na ten zd\u00e1nliv\u00fd pocit bezpe\u010d\u00ed, na tu stereotypn\u00ed \u00famornost. Zakrn\u00edte uvnit\u0159 sebe sama. D\u00edky AGROTERAPII, trp\u011bliv\u00e9mu p\u0159\u00edstupu u n\u00e1s, t\u0159eba objev\u00edte Va\u0161e skryt\u00e9 vlastnosti \u010di touhy. A nejen to. Agroterapie je vhodn\u00e1 pro zlomen\u00e9 srdce i po\u0161ramocenou du\u0161i.\u00a0&hellip;<\/p>\n","protected":false},"author":1,"featured_media":0,"parent":0,"menu_order":0,"comment_status":"closed","ping_status":"closed","template":"","meta":{"footnotes":""},"class_list":["post-2802","page","type-page","status-publish","hentry"],"_links":{"self":[{"href":"https:\/\/www.premyslovskydvur.cz\/index.php\/wp-json\/wp\/v2\/pages\/2802","targetHints":{"allow":["GET"]}}],"collection":[{"href":"https:\/\/www.premyslovskydvur.cz\/index.php\/wp-json\/wp\/v2\/pages"}],"about":[{"href":"https:\/\/www.premyslovskydvur.cz\/index.php\/wp-json\/wp\/v2\/types\/page"}],"author":[{"embeddable":true,"href":"https:\/\/www.premyslovskydvur.cz\/index.php\/wp-json\/wp\/v2\/users\/1"}],"replies":[{"embeddable":true,"href":"https:\/\/www.premyslovskydvur.cz\/index.php\/wp-json\/wp\/v2\/comments?post=2802"}],"version-history":[{"count":25,"href":"https:\/\/www.premyslovskydvur.cz\/index.php\/wp-json\/wp\/v2\/pages\/2802\/revisions"}],"predecessor-version":[{"id":3218,"href":"https:\/\/www.premyslovskydvur.cz\/index.php\/wp-json\/wp\/v2\/pages\/2802\/revisions\/3218"}],"wp:attachment":[{"href":"https:\/\/www.premyslovskydvur.cz\/index.php\/wp-json\/wp\/v2\/media?parent=2802"}],"curies":[{"name":"wp","href":"https:\/\/api.w.org\/{rel}","templated":true}]}}